y = -3 - -15. Let o = y + -20. What are the prime factors of g(o)?
2, 11
What are the prime factors of (6*12/48)/((-2)/(-2524))?
3, 631
Suppose 10 - 36 = 4*t - 5*k, -53 = 5*t + 4*k. What are the prime factors of (-698)/(-18) + (-2)/t?
3, 13
Let o(h) be the first derivative of -7*h**4/4 - 2*h**3/3 - h**2 - 2*h - 1. Let l(f) = -f**3 - f**2 + 3*f. Let j be l(-2). List the prime factors of o(j).
2, 5
Let k be (4/(-14))/(1/(-7)). Let r be (k/(-4))/(5/60). List the prime factors of (-5 + 3)*69/r.
23
List the prime factors of (-3350248)/(-1848) - (-4)/42.
7, 37
List the prime factors of 689/2 - (-3)/(-6).
2, 43
Let r(d) = -d**3 + d**2 + 14*d - 7. Let g be r(7). What are the prime factors of (g/(-1) - -5) + 3?
211
Let r(w) = 3*w**2 + 0*w - 3*w**2 + 2*w**2 - 18 - 5*w. Let t be r(8). Suppose -t - 130 = -5*n. List the prime factors of n.
2, 5
Suppose 0*p + 2*p + 69 = 3*a, -2*p + 5*a = 75. List the prime factors of p/(-4) + 44/8 + -5.
2
Suppose -p + 5 = g, 4*g = -p + 9 + 2. Suppose 0 = 3*k + g*i - 98, 2*k + 99 = 5*k + 3*i. List the prime factors of k.
2
Let q = 28 + -18. Let n be (-10 - -13)/(6/q). Suppose v = -0*v + n. List the prime factors of v.
5
Let n = 3694 + -1268. List the prime factors of n.
2, 1213
Suppose -l + 0*l = -3. Let s(w) = -3*w - l*w**2 + 29*w**3 - 5*w**2 - 1 - 31*w**3 + 4*w**2. List the prime factors of s(-3).
2, 13
Suppose -4*d + 204*j - 206*j = -9692, d + 4*j = 2423. List the prime factors of d.
2423
Let t(w) = w**3 - 2*w**2 - 3. Let q be t(3). Let p(k) = 9 + q + 9*k + 12 - 12. What are the prime factors of p(5)?
2, 3, 5
Let h be (5/(-3))/(-5)*-6. Let b be (-4)/8 + 1/h. What are the prime factors of 3/1*(0 - b)?
3
Let l(f) = -f**2 - 15*f - 22. List the prime factors of l(-12).
2, 7
Let k(l) = l + 13. Let b be k(-9). Suppose -9*j + b*j + 20 = 0. Suppose c + j*c - 55 = 0. List the prime factors of c.
11
Let c(x) = -7*x + 24. Let p be c(3). Suppose -3*n - 2*n + 859 = p*m, m - 343 = -2*n. What are the prime factors of n?
2, 5, 17
Let x = 769 - 203. List the prime factors of x.
2, 283
List the prime factors of (-4 - -12)*-1*4*-8.
2
Suppose 1181 = 6*m - 1033. List the prime factors of m.
3, 41
Let o(y) = 8*y**2 - 3*y + 1. Suppose 0 = -8*v + 44 - 4. What are the prime factors of o(v)?
2, 3, 31
Let s = -1182 - -5351. What are the prime factors of s?
11, 379
Suppose 0 = -62*h + 54*h + 5088. List the prime factors of h.
2, 3, 53
Let t(f) = -f**2 - 5*f - 4. Suppose 4 = -4*j + 28. Suppose 0 = -q - 0*q + 4*y - 3, -2*q - 4*y = j. What are the prime factors of t(q)?
2
Suppose -4*h = 4*u, -2*u = h - 5*h + 18. Suppose -5*f - 116 = -5*b - 2*f, f + 68 = h*b. What are the prime factors of b?
2, 11
Suppose 4*r - 30*g + 27*g - 21760 = 0, -5*g = -4*r + 21760. What are the prime factors of r?
2, 5, 17
Let z = -57 - -62. Suppose -3*l - 12 + 84 = 0. Suppose l + 21 = z*v. What are the prime factors of v?
3
Suppose 6*s - s = 5000. What are the prime factors of s?
2, 5
Let k(r) = -r**3 + 14*r**2 - 10*r - 32. Let b be k(13). Let v(u) = u**3 + 2*u**2 - 2*u**2 - 9*u - 3 - 5*u**2. List the prime factors of v(b).
2
Suppose 3*i = -5*k - 66, -3*i - 23 = -5*k - 77. What are the prime factors of (-1)/4 - (3 - (-927)/k)?
2, 37
Suppose -8936 = -5*y + 4*w + 9594, -w - 14835 = -4*y. List the prime factors of y.
2, 5, 7, 53
Let y(g) = -78*g + 45. Let j be y(-22). Suppose -4*l + 108 = 3*x - 1300, 5*l - j = -4*x. List the prime factors of l.
349
Let u(k) = 2*k**3 - k**2 + 10*k - 57. List the prime factors of u(6).
3, 7, 19
Let f be (6/4)/((-19)/190). List the prime factors of 15*27*(-3)/f.
3
What are the prime factors of ((-13)/2)/((-6)/60)*5?
5, 13
What are the prime factors of 1495/260*584/(2 - 1)?
2, 23, 73
Let x be (1 + -9)/((-14)/(-119)). Let m = x + 435. Suppose 5*z - 4*k - m = 6, 5*z - 376 = 3*k. List the prime factors of z.
7, 11
Let d(j) = -16*j**2 - j + 2. Let y be d(1). Let g be 1*305 + (-12 - y). Suppose -316 = -5*r + 4*c, 5*c = -5*r + 7*c + g. What are the prime factors of r?
2, 3, 5
Suppose 83*p - 1098 = 86*p. List the prime factors of p/(4/((-8)/6) - -1).
3, 61
Let g = -460 - -867. What are the prime factors of g?
11, 37
Let a(r) = r**3 - 6*r**2 - r + 10. Let s be a(6). Suppose 200 = -2*u + s*u. List the prime factors of u.
2, 5
Let z be 363/5 - (-16)/40. Let a = z - 9. Let q = -33 + a. List the prime factors of q.
31
Let r(g) = -g**3 - g + 66. Let b be (5/(-10) - 0)*0. What are the prime factors of r(b)?
2, 3, 11
Let a(z) = -4*z - 28. Let y be a(-8). List the prime factors of 96/(-18)*(-33)/y.
2, 11
Let v(f) = 3*f**3 + 4*f**2 + 5*f + 6. Let l(p) = -7*p**3 - 8*p**2 - 9*p - 11. Let c(y) = -2*l(y) - 5*v(y). What are the prime factors of c(-5)?
2, 13
Let b(x) = -211*x + 209. What are the prime factors of b(-4)?
3, 13
What are the prime factors of (-4220)/(-30)*(-6)/(-2)?
2, 211
Suppose -3*h - 4 = -2*h + 2*j, -j - 4 = 0. Suppose -h*r = -0*r - 96. Suppose r = 4*l + z - 180, 2*l + 2*z = 108. List the prime factors of l.
2, 5
Let p be 4/((-8)/(-398)) - -2. Suppose -4*m = 2*y - 7*m - 103, -4*y + 5*m = -p. List the prime factors of y.
2, 11
Suppose -2668 + 566 = -2*d. List the prime factors of d.
1051
Let u(l) = l**3 - 9*l**2 - 6. Let d be u(9). Let w(z) = -8*z - 6. Let q(a) = a. Let x(k) = 6*q(k) + w(k). List the prime factors of x(d).
2, 3
Let f(k) = 5*k**2 + 50*k - 57. List the prime factors of f(-20).
23, 41
Let s(v) = 12*v**2 - 3*v + 4. Let t be s(4). Suppose 4*c - c + 100 = 2*z, t = 4*z + 2*c. What are the prime factors of z?
47
Let t = -4 + 7. Suppose -4*h - 136 = -412. Suppose -2*q + t = -h. What are the prime factors of q?
2, 3
Suppose 0 = -5*u - 2*b + 2, -5*b + 0*b - 26 = -3*u. Suppose 5*j = 0, 3*s = 5*s + u*j - 76. List the prime factors of s.
2, 19
Let t(p) be the third derivative of 3*p**4/8 + 17*p**3/6 + 16*p**2. What are the prime factors of t(9)?
2, 7
Suppose -13 = -c - 0*c - 3*z, -c - 4*z = -17. Let i be ((-12)/(-9))/c*-6. What are the prime factors of (-200)/(-15)*(-18)/i?
2, 3, 5
Suppose -5*g + q - 203 = 0, 4*g = q + q - 166. What are the prime factors of ((-42)/(-8)*5)/((-10)/g)?
3, 5, 7
Let c(k) = 3*k**2 - 5*k - 12. List the prime factors of c(-10).
2, 13
Suppose 5*f = -2*l + 551, -2*l - f + 539 = -0*f. What are the prime factors of l?
2, 67
Let r be (8/6)/((-28)/126). Let d(h) be the third derivative of h**5/60 + h**4/24 - h**3/6 + 2*h**2. List the prime factors of d(r).
29
Let f(y) = y**3 + 38*y**2 + 9*y - 283. What are the prime factors of f(-15)?
67, 71
Let b(h) be the second derivative of h**3/3 + h**2 + 3*h. Let l be b(-2). What are the prime factors of l/15 + (-2497)/(-165)?
3, 5
Let x(a) be the third derivative of -a**4/12 + 2*a**3 + 39*a**2. What are the prime factors of x(-4)?
2, 5
Let y = -260 - -441. Let s = y + -121. What are the prime factors of s?
2, 3, 5
Let o = 54 - 37. Let c = 36 - o. List the prime factors of c.
19
Suppose 0 = -2*r - 3*c + c + 4, 3*r = -4*c + 2. Suppose -5*j = r*a - 2*a - 1, 11 = 2*a - j. Let z(n) = 3*n**2 + 5*n + 3. List the prime factors of z(a).
71
Let i = 345 + 159. Suppose -3*c + q = -i + 122, 0 = -5*c + q + 636. What are the prime factors of c?
127
Suppose 5*b - 4*b + 2168 = 0. List the prime factors of (((-3)/4)/3)/(2/b).
271
Let y = 4 + 51. Suppose 2*l + 89 = 6*l + 5*z, 5*l - y = 5*z. What are the prime factors of l?
2
Let x be (-2)/8 - (-513)/36 - 4. Suppose -q - 258 = -i, 1270 = 5*i + x*q - 5*q. List the prime factors of i.
2
Let o = 957 - 651. What are the prime factors of o?
2, 3, 17
Let n = -48 - -53. Suppose n*s - 720 = -0*s. List the prime factors of s.
2, 3
Suppose 4*m + 92 = -4*k - 0*k, -2*m + 4*k - 76 = 0. Let p = 14 + m. Let x = 39 + p. What are the prime factors of x?
5
Let k(n) = -2*n - 11. Let z be k(-9). Suppose -5*q + 104 = 3*l, 3*l = z + 2. What are the prime factors of q?
19
Suppose i - 37 = -2*p, 3*p + 159 = -3*i + 8*i. What are the prime factors of i?
3, 11
Suppose 12 = -2*j - 4*z, -2*j = -4*z - 0*z - 28. What are the prime factors of (-709)/(-9) + j/18?
79
Let k(u) = u**2 + 6*u - 98. List the prime factors of k(24).
2, 311
List the prime factors of (1898 + -10)/4 - 1*3.
7, 67
Suppose o - 253 = -5*v, -3*o + 12*v + 789 = 17*v. List the prime factors of o.
2, 67
Let f be (-42)/(-2)*(6 - 5). Suppose -2*o = -o - 2. Suppose x + o*x + 5*m = f, -x = -m + 1. List the prime factors of x.
2
Le